{"id":171,"date":"2015-04-07T15:09:59","date_gmt":"2015-04-07T15:09:59","guid":{"rendered":"http:\/\/wp.versteigerung-poddey.de\/?page_id=171"},"modified":"2023-02-05T14:10:06","modified_gmt":"2023-02-05T14:10:06","slug":"agb-2","status":"publish","type":"page","link":"http:\/\/wp.versteigerung-poddey.de\/?page_id=171","title":{"rendered":"AGB"},"content":{"rendered":"<p>1.<\/p>\n<p>Die Gegenst\u00e4nde werden in dem Zustand verkauft, in dem Sie sich zum Zeitpunkt der Versteigerung befinden. F\u00fcr G\u00fcte, Beschaffenheit, Vollst\u00e4ndigkeit, offener oder versteckter M\u00e4ngel und Fehler, Sch\u00e4den, besonderer Eigenschaften oder dergleichen wird eine Haftung nicht \u00fcbernommen. Die Gegenst\u00e4nde k\u00f6nnen w\u00e4hrend der Besichtigungszeit gepr\u00fcft werden.<\/p>\n<p>2.<\/p>\n<p>Der Zuschlag wird erteilt, wenn nach dreimaligem Aufruf eines Gebotes kein \u00dcbergebot abgegeben wird. Die Erteilung des Zuschlages kann der Versteigerer als Vertreter des Auftraggebers sich vorbehalten oder verweigern. Die Versteigerung erfolgt im Auftrage und auf Rechnung Dritter.<\/p>\n<p>3.<\/p>\n<p>Wenn mehrere Personen zugleich dasselbe Gebot abgeben und nach dreimaligem Aufruf ein Mehrgebot nicht gemacht wird, so entscheidet das Los \u00fcber den Zuschlag. Bei schriftlichen Geboten gleicher H\u00f6he entscheidet der Eingang des schriftlichen Gebotes.<\/p>\n<p>4.<\/p>\n<p>Der Zuschlag verpflichtet zur Abnahme. Mit der Erteilung des Zuschlages gehen Besitz und Gefahr an der versteigerten Sache unmittelbar auf den Ersteher \u00fcber.<\/p>\n<p>5.<\/p>\n<p>Die Kaufgelder hat der Erwerber der Sache zuz\u00fcglich 10% Aufgeld sofort nach erfolgtem Zuschlag an den Versteigerer in bar zu zahlen.<\/p>\n<p>6.<\/p>\n<p>Wird die Zahlung nicht sofort an letzteren geleistet oder die Abnahme der zugeschlagenen Sache verweigert, so findet die \u00dcbergabe des Gegenstandes an den K\u00e4ufer nicht statt, der K\u00e4ufer geht vielmehr seiner Rechte aus dem Zuschlag verlustig, und der Gegenstand wird auf seine Kosten noch einmal versteigert. In diesem Fall haftet der K\u00e4ufer f\u00fcr den Ausfall, dagegen hat er auf einen Mehrerl\u00f6s keinen Anspruch und wird zu einem weiteren Gebot nicht zugelassen.<\/p>\n<p>7.<\/p>\n<p>Kaufgelder, Kaufgeldr\u00fcckst\u00e4nde sowie Nebenleistungen kann der Versteigerer in eigenem Namen einziehen und einklagen.<\/p>\n<p>8.<\/p>\n<p>Die H\u00f6he der Betr\u00e4ge mit denen aufgeboten werden mu\u00df, werden nach Ermessen des Versteigerers f\u00fcr die ganze Versteigerung oder besonders f\u00fcr die einzelnen St\u00fccke bestimmt.<\/p>\n<p>9.<\/p>\n<p>Das Leihhaus ist berechtigt, lt. \u00a7 10 des Pfandleihgesetzes mitzubieten und anzusteigern.<\/p>\n<p>10.<\/p>\n<p>Erf\u00fcllungsort und Gerichtsstand ist der Firmensitz des Auktionators.<\/p>\n","protected":false},"excerpt":{"rendered":"<p>1. Die Gegenst\u00e4nde werden in dem Zustand verkauft, in dem Sie sich zum Zeitpunkt der Versteigerung befinden. F\u00fcr G\u00fcte, Beschaffenheit, Vollst\u00e4ndigkeit, offener oder versteckter M\u00e4ngel und Fehler, Sch\u00e4den, besonderer Eigenschaften &#8230;<\/p>\n","protected":false},"author":1,"featured_media":0,"parent":0,"menu_order":7,"comment_status":"closed","ping_status":"closed","template":"","meta":{"footnotes":""},"_links":{"self":[{"href":"http:\/\/wp.versteigerung-poddey.de\/index.php?rest_route=\/wp\/v2\/pages\/171"}],"collection":[{"href":"http:\/\/wp.versteigerung-poddey.de\/index.php?rest_route=\/wp\/v2\/pages"}],"about":[{"href":"http:\/\/wp.versteigerung-poddey.de\/index.php?rest_route=\/wp\/v2\/types\/page"}],"author":[{"embeddable":true,"href":"http:\/\/wp.versteigerung-poddey.de\/index.php?rest_route=\/wp\/v2\/users\/1"}],"replies":[{"embeddable":true,"href":"http:\/\/wp.versteigerung-poddey.de\/index.php?rest_route=%2Fwp%2Fv2%2Fcomments&post=171"}],"version-history":[{"count":1,"href":"http:\/\/wp.versteigerung-poddey.de\/index.php?rest_route=\/wp\/v2\/pages\/171\/revisions"}],"predecessor-version":[{"id":176,"href":"http:\/\/wp.versteigerung-poddey.de\/index.php?rest_route=\/wp\/v2\/pages\/171\/revisions\/176"}],"wp:attachment":[{"href":"http:\/\/wp.versteigerung-poddey.de\/index.php?rest_route=%2Fwp%2Fv2%2Fmedia&parent=171"}],"curies":[{"name":"wp","href":"https:\/\/api.w.org\/{rel}","templated":true}]}}